4*u(h). Determine t(5).
6
Let h = 51 + -48. Suppose -26 = -c - h*s - 2*s, s = 5. Let l(a) = -a. Let r(j) = 3*j + 1. Let t(v) = -4*l(v) + r(v). Calculate t(c).
8
Let t(b) = b**3 - 7*b**2 - 2*b + 5. Let f = 49 + 18. Let h = 74 - f. What is t(h)?
-9
Let o(z) be the second derivative of z**3/6 - 5*z**2/2 + 19*z - 1. Suppose -4*y = 37 - 13. Let q = y + 11. What is o(q)?
0
Let q be (-10 - (-190)/20)*(1 - 3). Let a(d) = 6 - 2 + 0 - q + d. What is a(-10)?
-7
Let x(z) = -23*z**3 + 4*z**2 + z - 3. Suppose -m = -3*h + 20, 700*m - 5*h = 704*m - 22. Determine x(m).
195
Let k = 1753 + -5258/3. Let b(u) be the second derivative of 1/3*u**4 + 1/20*u**5 - 8*u + 0*u**2 + 0 + k*u**3. Give b(-3).
3
Suppose -8*p + 3*p = 30. Let y(b) be the second derivative of 0 + 2*b**2 + 7/12*b**4 + 1/20*b**5 + 4/3*b**3 + 104*b. What is y(p)?
-8
Let o(d) be the second derivative of -3*d**3/2 + 29*d**2/2 + 1034*d. Calculate o(6).
-25
Let l(a) = 2*a**2 + 16*a - 11. Let q(m) = -m**2 - 8*m + 6. Let j(t) = 6*l(t) + 11*q(t). Let v(c) = 2*c**3 + 18*c**2 + 20*c + 24. Let s be v(-8). Determine j(s).
0
Let k = -253 - -258. Suppose t + 20 = 3*m, -6*m + k*t + 9 = -4*m. Let u(f) = -f + 12. Calculate u(m).
5
Suppose 18 = 4*d - 5*z, 3*d = 2*d + 4*z + 10. Suppose -v + d = -35. Suppose 0 = 5*h - 3*y + 5 - v, 3*h + 2*y = 4. Let x(s) = s**2 - 4*s + 2. Determine x(h).
2
Let j(a) = -a**3 + 8*a**2 + 4*a + 2. Suppose 1348 = -4*p + 292. Let n be (-19)/(-2) - (-12)/p*11. Give j(n).
-43
Suppose 20*s - 34*s - 15 = 13. Let w(m) = -m**2 - 3*m - 5. Calculate w(s).
-3
Let l(y) be the second derivative of 0*y**2 - 59*y - 1/6*y**3 + 1/12*y**4 + 0. Give l(2).
2
Suppose 51*q - 7 = 55*q - h, -3*h = -4*q - 21. Let k(c) be the second derivative of -7/6*c**3 - 20*c + 1/2*c**2 + q. What is k(3)?
-20
Let k(i) = 6*i**2 + 7*i - 159. Let x(r) = 7*r**2 + 10*r - 160. Let m(n) = -3*k(n) + 2*x(n). Let o(h) be the first derivative of m(h). Determine o(-4).
31
Let l(g) be the third derivative of g**6/120 + g**5/6 + 3*g**4/8 - g**3 + 18*g**2 + 24. Determine l(-8).
50
Suppose 3*b = -b + 12. Suppose -8*p + b*p - 40 = 0. Let g(o) = -o**3 - 8*o**2 - 3. Let c be g(p). Let l(k) = -3*k + 1. What is l(c)?
10
Let z be 76/(-10) - (-4)/(-10). Let t = -504 - -906. Let v(g) = 400*g - g**2 - 1209*g - 4 + t*g + 398*g. Give v(z).
4
Suppose 3*s - 45 = -2*a, 3*a - 4*s = -19 + 61. Let x(m) = -8 - m + 20*m - a*m. Give x(7).
-1
Let r(u) = u - u + 12*u - 1 - 2 - 12*u - u. Let q = -4 + 2. Calculate r(q).
-1
Let q(m) = 170*m**2 + 2. Let y be q(-1). Let w = y - 176. Let s(n) = -5*n - 9. Let d(v) = v + 1. Let a(c) = 6*d(c) + s(c). What is a(w)?
-7
Let f(u) = -10*u - 7. Let x be 1/(2/8) + 2. Suppose 8*a = 352 - 344. Let b(c) = c + 1. Let z(d) = a*f(d) + x*b(d). Give z(-1).
3
Let x = 2005 + -2008. Let g(q) = 7 - 7*q + 8 - 6. Let d(n) = -4*n + 5. Let w(s) = -11*d(s) + 6*g(s). Calculate w(x).
-7
Let a be 2*-1 - (-34 - -21). Let f(w) = w**2 + 3*w + a + 12 - 32 + 1. Give f(-7).
20
Let r(c) = -47 + 81 - 7*c + c**2 - 57. Determine r(7).
-23
Suppose 7*c - 613 = -25. Let q = c + -84. Let x(n) = -n**2 - n + 13. Give x(q).
13
Suppose -19*a - 23 = -5*n - 23*a, -3*a + 18 = 4*n. Let v be 0/(((-21)/28)/(n/(-4))). Let u(t) = -t**3 + t - 1. Calculate u(v).
-1
Let t(d) = d**3 + 8*d**2 + 9*d - 5. Suppose 4*b = -12, 53*b - 50*b - 15 = 4*c. Determine t(c).
13
Let z(s) = -s**2 - 8*s + 9. Suppose -32*c - 669 = -445. Determine z(c).
16
Let p(v) = -v**3 - 4*v**2 - 5*v - 3. Let n be -2*(104 - 2) + (3 - 0). Let a = 198 + n. What is p(a)?
3
Let i(a) = a - 2. Let m(u) = -2*u**2 + u**3 - 15*u**2 - 2 + 4*u**2. Suppose 0 = 42*k - 346 - 108 - 92. Let b be m(k). Calculate i(b).
-4
Let n(w) = -w**2 + w - 12. Let o be (-3 - (18/6 - (-6)/(-1)))*1. What is n(o)?
-12
Let f = -16 - -18. Suppose 20*a + 7*a = 1242. Suppose -a = -11*k - f. Let h(x) = x - 5. What is h(k)?
-1
Let h be ((-24)/(-36))/((-2)/(-6)). Let x be (-15)/10*(0 + 0 - h). Let q(j) = -4731*j**2 + 4729*j**2 - j + 11*j**x + 0*j. Give q(-1).
-12
Let m(j) = j**3 - 2*j**3 + 7*j + 2*j**3 + 8*j**2 - 3. Suppose 60 - 171 - 43 = 22*k. Give m(k).
-3
Let b = 104 - 104. Let o(u) = -u + b*u - 16 + 0 + 3. Determine o(-7).
-6
Let i(v) = 49. Let r(n) = 7*n + 188. Let a(f) = -4*i(f) + r(f). Give a(0).
-8
Let l(n) be the third derivative of 0*n + 119*n**2 + 0 + 1/12*n**4 - 1/3*n**3. What is l(7)?
12
Let x(g) = -g**2 - 16 + 6 + 5 - 5*g. Let y be 3/(0/((-6)/3) + 1). Let w(s) = -2*s + 2. Let k be w(y). Give x(k).
-1
Let b(o) = 20*o + 470. Suppose 2*k + 199 - 144 = -v, -3*v = 5*k + 142. What is b(k)?
10
Let c(v) = -3*v**2 - 50*v - 37. Let a be ((-53)/10 - -5) + (-785)/50. Give c(a).
-5
Let u(p) = p. Let w(y) = -2*y - 3. Let l(q) = -q. Let i(t) = -3*l(t) + w(t). Let a(h) = -i(h) + 4*u(h). Let x be a(-3). Let s(f) = f**2 + 5*f. What is s(x)?
6
Let p(v) = v**2 + 4*v + 3. Let z = 185 - 395. Let d be 5*7/(z/12). Calculate p(d).
-1
Let d(g) be the first derivative of 1/12*g**5 + 25 + 11*g - 1/2*g**3 + 1/8*g**4 + 1/120*g**6 - 1/2*g**2. Let b(j) be the second derivative of d(j). Give b(-3).
6
Let j(d) be the third derivative of -11*d**4/24 - d**3 - 5*d**2. Let v(y) = 13*y + 7. Let c(k) = 7*j(k) + 6*v(k). What is c(-1)?
-1
Let h(s) be the second derivative of s**3/6 + 45*s**2/2 - 30*s - 13. Give h(-25).
20
Let b(u) = -u**3 + 13*u**2 - 11*u + 3. Let x be 1/((-8)/(-12)*(-10)/(-80)). Give b(x).
15
Let j(s) = -9*s**2 - s. Let v be 93/(-33) + 140/(-770). Give j(v).
-78
Let q(t) = -159*t - 173*t + 474*t - 155*t + 7. Determine q(1).
-6
Let y(w) be the third derivative of -w**5/30 + 25*w**4/12 - 11*w**3/2 - 66*w**2 + 29. What is y(24)?
15
Let l(t) = t - 9*t - 46 - t + 40 - 16. Give l(1).
-31
Let g(w) = -23*w - 8. Let a(i) = 9*i + 3. Let k(m) = -5*a(m) - 2*g(m). Give k(-5).
-4
Let z = 5016 + -5033. Let t(o) = o**2 + 20*o + 31. Give t(z).
-20
Let x(i) = -i**3 + i**2 - 3*i - 6. Let v(f) = f**3 + 29*f**2 + 53*f - 31. Let k be v(-27). Give x(k).
86
Suppose -5*f + 15 = -10. Let r(x) be the third derivative of 0*x + 2 + 1/20*x**5 + 1/4*x**4 + 2/3*x**3 - 13*x**2 - 1/120*x**6. What is r(f)?
-16
Let t be 8 - (-3 + 16 + -8). Suppose 39 = 5*o + 4. Let q(l) = 4 + 2*l + 0 - l - o*l. Give q(t).
-14
Let p(v) = 3*v - 367 + v**2 - 123 + 111 - 407 + 132. What is p(24)?
-6
Let r(c) = 2*c**2 - 11*c + 1. Let m be r(6). Let l(d) be the first derivative of 5 - 9/2*d**2 + 8*d + 1/3*d**3. Determine l(m).
-6
Let d(s) = -s**2 + 12*s + 3. Let u(h) = -h. Let f(m) = -d(m) - 5*u(m). Suppose 118 = -j + 114, -16 = -4*r - 2*j. What is f(r)?
-9
Let w(q) = 32*q - 1. Let i be w(1). Let c = i - 29. Suppose -30 = -c*z - 18. Let d(h) = h - 7. What is d(z)?
-1
Let r(o) = 697*o - 729*o + o**2 + 21*o - 23 + 0*o**2. Determine r(15).
37
Let l = -103 + 99. Let u(g) = 5*g**2 - 9*g - 10. Let x(y) = -4*y**2 + 8*y + 9. Let z(p) = l*x(p) - 3*u(p). What is z(7)?
8
Let l(d) be the second derivative of -d**4/24 - d**3/2 + 59*d**2/2 + 43*d. Let u(c) be the first derivative of l(c). Give u(-8).
5
Let m = 2 - 2. Let q(i) = 2*i**2 + 11*i - 6. Let v(a) be the first derivative of -a**3/3 - 5*a**2/2 + 2*a - 107. Let h(p) = 6*q(p) + 13*v(p). Give h(m).
-10
Let j(y) be the first derivative of 5*y**2 + 160*y + 3120. Give j(-16).
0
Let l(t) = -33*t**2 - 2*t - 3. Let d = 719 + -720. Calculate l(d).
-34
Let q(l) = -2*l**2 + 2*l + 1. Let t(g) = -24*g**2 + 30*g + 8. Let p(m) = 13*q(m) - t(m). Determine p(-3).
-1
Let v(o) = 19*o**2 + 13*o. Let t be (-10 + (-1456)/(-144))*-9. Give v(t).
6
Let v(p) = -75*p**2 + 5*p - 10. Let h(a) = -281*a**2 + 20*a - 39. Let y(t) = 4*h(t) - 15*v(t). Calculate y(4).
30
Let g be (-30)/(-35) - (-4810)/(-6216). Let j(l) be the second derivative of 0*l**2 + 25*l + 0 + 1/20*l**5 - g*l**4 + 1/6*l**3. Determine j(2).
6
Let y = 12 - -22. Let d(t) = -t**2 + 40*t - 292. Let f be d(8). Let k = y + f. Let b(v) = -v**2 - 3*v + 1. Determine b(k).
3
Let k(n) = -n - 1. Let p(d) = -8*d - 1. Let j(y) = 4*k(y) - p(y). Let b be 322/20 + 5/(-50). Suppose 0 = b*s + 7*s - 46. Determine j(s).
5
Suppose -39*y = -473 + 317. Let d(o) = o**3 - 3*o**2 + o - 9. Determine d(y).
11
Let u(c) = -10*c + 1. Let v be u(2). Let h = 14 + v. Let k(z) = -8295 - z + 8295. Give k(h).
5
Let m(u) = -14*u - 519. Let t be m(-40). Let g(h) = -h**2 + 20*h**3 - t*h**3 + 12*h**3 + 10*h**3 + 7*h + 8 + 8*h**2. Suppose 12 = -4*x + 2*x. Calculate g(x).
2
Let